{"id":1286,"date":"2018-05-13T23:02:18","date_gmt":"2018-05-13T22:02:18","guid":{"rendered":"http:\/\/darmstadt.dfkd.de\/?page_id=1286"},"modified":"2018-09-23T22:31:40","modified_gmt":"2018-09-23T21:31:40","slug":"mitgliedschaft","status":"publish","type":"page","link":"https:\/\/dfkd.de\/index.php\/mitgliedschaft","title":{"rendered":"Mitgliedschaft"},"content":{"rendered":"<p>Unterst\u00fctzen Sie uns, indem Sie Mitglied bei dem DFKD werden! Als Mitglied werden sie regelm\u00e4\u00dfig \u00fcber unsere Veranstaltungen informiert und erhalten Preisverg\u00fcnstigungen.<\/p>\n<p>Sie sind neu hier? Erleben Sie die Vorteile einer Mitgliedschaft bei dem DFKD!<\/p>\n<table border=\"0\" width=\"100%\">\n<tbody>\n<tr>\n<td>Mitgliedschaft<\/td>\n<td>Beschreibung<\/td>\n<td>Jahresbeitrag<\/td>\n<\/tr>\n<tr>\n<td>Erwachsener<\/td>\n<td>1 Erwachsener + 1 Kind<\/td>\n<td>EUR 35<\/td>\n<\/tr>\n<tr>\n<td>Familie<\/td>\n<td>2 Erwachsener + x Kinder<\/td>\n<td>EUR 55<\/td>\n<\/tr>\n<tr>\n<td>Student<\/td>\n<td>Mit Studentenausweis<\/td>\n<td>EUR 15<\/td>\n<\/tr>\n<\/tbody>\n<\/table>\n<p>direkt zur <a href=\"https:\/\/darmstadt.dfkd.de\/index.php\/online-anmeldung\">Online-Anmeldung<\/a><\/p>\n<p>Anmeldeformular zum Herunterladen:<br \/>\n<a href=\"https:\/\/darmstadt.dfkd.de\/wp-content\/uploads\/2015\/09\/mitgliedsantrag.pdf\" target=\"_blank\" rel=\"noopener\"><img loading=\"lazy\" decoding=\"async\" class=\"alignnone size-full wp-image-83\" src=\"https:\/\/darmstadt.dfkd.de\/wp-content\/uploads\/2014\/06\/download.png\" alt=\"download\" width=\"100\" height=\"43\" \/><\/a><\/p>\n<p>&nbsp;<\/p>\n<p>Satzung DFKD e.V. zum Herunterladen:<br \/>\n<a href=\"https:\/\/darmstadt.dfkd.de\/wp-content\/uploads\/2014\/06\/satzung-dfkd.pdf\" target=\"_blank\" rel=\"noopener\"><img loading=\"lazy\" decoding=\"async\" class=\"alignnone size-full wp-image-83\" src=\"https:\/\/darmstadt.dfkd.de\/wp-content\/uploads\/2014\/06\/download.png\" alt=\"download\" width=\"100\" height=\"43\" \/><\/a><\/p>\n","protected":false},"excerpt":{"rendered":"<p>Unterst\u00fctzen Sie uns, indem Sie Mitglied bei dem DFKD werden! Als Mitglied werden sie regelm\u00e4\u00dfig \u00fcber unsere Veranstaltungen informiert und erhalten Preisverg\u00fcnstigungen. Sie sind neu hier? Erleben Sie die Vorteile <a class=\"more-link\" href=\"https:\/\/dfkd.de\/index.php\/mitgliedschaft\">Continue Reading \u2192<\/a><\/p>\n","protected":false},"author":2,"featured_media":0,"parent":0,"menu_order":0,"comment_status":"closed","ping_status":"closed","template":"","meta":{"ngg_post_thumbnail":0,"footnotes":""},"class_list":["post-1286","page","type-page","status-publish","hentry"],"_links":{"self":[{"href":"https:\/\/dfkd.de\/index.php\/wp-json\/wp\/v2\/pages\/1286","targetHints":{"allow":["GET"]}}],"collection":[{"href":"https:\/\/dfkd.de\/index.php\/wp-json\/wp\/v2\/pages"}],"about":[{"href":"https:\/\/dfkd.de\/index.php\/wp-json\/wp\/v2\/types\/page"}],"author":[{"embeddable":true,"href":"https:\/\/dfkd.de\/index.php\/wp-json\/wp\/v2\/users\/2"}],"replies":[{"embeddable":true,"href":"https:\/\/dfkd.de\/index.php\/wp-json\/wp\/v2\/comments?post=1286"}],"version-history":[{"count":3,"href":"https:\/\/dfkd.de\/index.php\/wp-json\/wp\/v2\/pages\/1286\/revisions"}],"predecessor-version":[{"id":5559,"href":"https:\/\/dfkd.de\/index.php\/wp-json\/wp\/v2\/pages\/1286\/revisions\/5559"}],"wp:attachment":[{"href":"https:\/\/dfkd.de\/index.php\/wp-json\/wp\/v2\/media?parent=1286"}],"curies":[{"name":"wp","href":"https:\/\/api.w.org\/{rel}","templated":true}]}}