{"id":132,"date":"2014-07-10T12:49:36","date_gmt":"2014-07-10T10:49:36","guid":{"rendered":"http:\/\/darmstadt.dfkd.de\/?page_id=132"},"modified":"2023-02-02T21:54:02","modified_gmt":"2023-02-02T20:54:02","slug":"disclaimer","status":"publish","type":"page","link":"https:\/\/dfkd.de\/index.php\/fr\/disclaimer","title":{"rendered":"Disclaimer"},"content":{"rendered":"<h1>Avis L\u00e9gal<\/h1>\n<h2>1. Contenu de l\u2019offre en ligne<\/h2>\n<p>L\u2019auteur n\u2019assume aucune responsabilit\u00e9 quant \u00e0 l\u2019actualit\u00e9, l\u2019exactitude, l\u2019exhaustivit\u00e9 ou la qualit\u00e9 des informations fournies. Les r\u00e9clamations en responsabilit\u00e9 contre l\u2019auteur, qui se r\u00e9f\u00e8rent \u00e0 la nature mat\u00e9rielle ou immat\u00e9rielle, qui ont \u00e9t\u00e9 caus\u00e9es par l\u2019utilisation ou la non-utilisation des informations fournies ou par l\u2019utilisation d\u2019informations incorrectes et incompl\u00e8tes sont exclues, sauf si l\u2019auteur d\u00e9montre intentionnellement ou grossi\u00e8rement&nbsp; faute n\u00e9gligente. Toutes les offres sont sujettes \u00e0 changement et sans engagement. L\u2019auteur se r\u00e9serve express\u00e9ment le droit de modifier, compl\u00e9ter ou supprimer des parties des pages ou l\u2019ensemble de l\u2019offre sans annonce s\u00e9par\u00e9e ou de cesser temporairement ou d\u00e9finitivement la publication.<\/p>\n<h2>2. R\u00e9f\u00e9rences et liens<\/h2>\n<p>Dans le cas de r\u00e9f\u00e9rences directes ou indirectes \u00e0 des pages Internet externes (\u00ab&nbsp;liens&nbsp;\u00bb), qui ne rel\u00e8vent pas de la responsabilit\u00e9 de l\u2019auteur, une obligation de responsabilit\u00e9 n\u2019entrerait en vigueur que dans le cas o\u00f9 l\u2019auteur a connaissance du contenu et qu\u2019il serait techniquement possible et raisonnable pour lui d\u2019emp\u00eacher l\u2019utilisation en cas de contenus illicites. L\u2019auteur d\u00e9clare donc express\u00e9ment qu\u2019au moment de la cr\u00e9ation du lien, les pages li\u00e9es correspondantes \u00e9taient exemptes de contenu ill\u00e9gal.<\/p>\n<p>L\u2019auteur n\u2019a aucune influence sur la conception et le contenu actuels et futurs des pages li\u00e9es. Par cons\u00e9quent, il se dissocie express\u00e9ment de tous les contenus de toutes les pages li\u00e9es qui ont \u00e9t\u00e9 modifi\u00e9es apr\u00e8s la mise en place du lien. Cette d\u00e9claration s\u2019applique \u00e0 tous les liens et r\u00e9f\u00e9rences d\u00e9finis dans l\u2019offre Internet de l\u2019auteur ainsi qu\u2019aux entr\u00e9es externes dans les livres d\u2019or, les forums de discussion et les listes de diffusion mis en place par l\u2019auteur. Pour les contenus ill\u00e9gaux, incorrects ou incomplets et en particulier pour les dommages r\u00e9sultant de l\u2019utilisation ou de la non-utilisation de ces informations, le fournisseur de la page \u00e0 laquelle il a \u00e9t\u00e9 fait r\u00e9f\u00e9rence est seul responsable, et non celui qui se contente de renvoyer \u00e0 la publication respective via des liens.<\/p>\n<h2>3. Droit d\u2019auteur et droit des marquage<\/h2>\n<p>L\u2019auteur s\u2019efforce de respecter les droits d\u2019auteur des graphiques, documents sonores, s\u00e9quences vid\u00e9o et textes utilis\u00e9s dans toutes les publications, d\u2019utiliser des graphiques, des documents sonores, des s\u00e9quences vid\u00e9o et des textes cr\u00e9\u00e9s par lui-m\u00eame ou d\u2019utiliser des graphiques, des documents sonores, des s\u00e9quences vid\u00e9o et des textes sans licence. Toutes les marques et marques mentionn\u00e9es dans l\u2019offre Internet et \u00e9ventuellement prot\u00e9g\u00e9es par des tiers sont soumises sans restriction aux dispositions du droit des marques applicable et aux droits de propri\u00e9t\u00e9 des propri\u00e9taires enregistr\u00e9s respectifs. La simple mention n\u2019implique pas que les marques ne sont pas prot\u00e9g\u00e9es par les droits de tiers ! Le droit d\u2019auteur pour les objets publi\u00e9s cr\u00e9\u00e9s par l\u2019auteur lui-m\u00eame reste uniquement la propri\u00e9t\u00e9 de l\u2019auteur des pages. Toute reproduction ou utilisation de ces graphiques, documents sonores, s\u00e9quences vid\u00e9o et textes dans d\u2019autres publications \u00e9lectroniques ou imprim\u00e9es n\u2019est pas autoris\u00e9e sans le consentement expr\u00e8s de l\u2019auteur.<\/p>\n<h2>4. Protection des donn\u00e9es<\/h2>\n<p>voir: <a href=\"https:\/\/darmstadt.dfkd.de\/index.php\/fr\/protection-des-donnees-2\" target=\"_blank\" rel=\"noopener\">Procetion des Donn\u00e9es<\/a><\/p>\n<h2>5. Validit\u00e9 juridique de cette clause de non-responsabilit\u00e9<\/h2>\n<p>Cette clause de non-responsabilit\u00e9 doit \u00eatre consid\u00e9r\u00e9e comme faisant partie de l\u2019offre Internet \u00e0 partir de laquelle il a \u00e9t\u00e9 fait r\u00e9f\u00e9rence \u00e0 cette page. Si des parties ou des formulations individuelles de ce texte ne correspondent pas, plus ou pas compl\u00e8tement \u00e0 la situation juridique en vigueur, les autres parties du document restent inchang\u00e9es dans leur contenu et leur validit\u00e9.<\/p>\n<p>Darmstadt, juillet 2014<\/p>\n<h2><\/h2>\n<h2><\/h2>\n","protected":false},"excerpt":{"rendered":"<p>Avis L\u00e9gal 1. Contenu de l\u2019offre en ligne L\u2019auteur n\u2019assume aucune responsabilit\u00e9 quant \u00e0 l\u2019actualit\u00e9, l\u2019exactitude, l\u2019exhaustivit\u00e9 ou la qualit\u00e9 des informations fournies. Les r\u00e9clamations en responsabilit\u00e9 contre l\u2019auteur, qui <a class=\"more-link\" href=\"https:\/\/dfkd.de\/index.php\/fr\/disclaimer\">Continue Reading \u2192<\/a><\/p>\n","protected":false},"author":18,"featured_media":0,"parent":0,"menu_order":0,"comment_status":"closed","ping_status":"closed","template":"","meta":{"ngg_post_thumbnail":0,"footnotes":""},"class_list":["post-132","page","type-page","status-publish","hentry"],"_links":{"self":[{"href":"https:\/\/dfkd.de\/index.php\/wp-json\/wp\/v2\/pages\/132","targetHints":{"allow":["GET"]}}],"collection":[{"href":"https:\/\/dfkd.de\/index.php\/wp-json\/wp\/v2\/pages"}],"about":[{"href":"https:\/\/dfkd.de\/index.php\/wp-json\/wp\/v2\/types\/page"}],"author":[{"embeddable":true,"href":"https:\/\/dfkd.de\/index.php\/wp-json\/wp\/v2\/users\/18"}],"replies":[{"embeddable":true,"href":"https:\/\/dfkd.de\/index.php\/wp-json\/wp\/v2\/comments?post=132"}],"version-history":[{"count":4,"href":"https:\/\/dfkd.de\/index.php\/wp-json\/wp\/v2\/pages\/132\/revisions"}],"predecessor-version":[{"id":4759,"href":"https:\/\/dfkd.de\/index.php\/wp-json\/wp\/v2\/pages\/132\/revisions\/4759"}],"wp:attachment":[{"href":"https:\/\/dfkd.de\/index.php\/wp-json\/wp\/v2\/media?parent=132"}],"curies":[{"name":"wp","href":"https:\/\/api.w.org\/{rel}","templated":true}]}}