{"id":137,"date":"2014-07-10T12:51:59","date_gmt":"2014-07-10T11:51:59","guid":{"rendered":"http:\/\/darmstadt.dfkd.de\/?page_id=137"},"modified":"2023-02-02T22:00:17","modified_gmt":"2023-02-02T21:00:17","slug":"impressum-2","status":"publish","type":"page","link":"https:\/\/dfkd.de\/index.php\/impressum-2","title":{"rendered":"Impressum"},"content":{"rendered":"<p><img loading=\"lazy\" decoding=\"async\" class=\"imagefloatright size-full wp-image-23 alignright\" src=\"https:\/\/darmstadt.dfkd.de\/wp-content\/uploads\/2014\/06\/dfkd_logo_mit-dfkd1.png\" alt=\"dfkd_logo_mit-dfkd\" width=\"187\" height=\"401\" \/>Inhaltlich verantwortlich:<br \/>\nDer Vorstand<\/p>\n<p>Domain:<br \/>\ndfkd.de<\/p>\n<p>Administrativer Ansprechpartner:<br \/>\nKlaus Liepach, <a href=\"mailto:it-admin@dfkd.de\">it-admin@dfkd.de<\/a><\/p>\n<p>Inhaber:<br \/>\nDeutsch-Franz\u00f6sischer Kreis Darmstadt e.V.<br \/>\nPostfach 10 05 07<br \/>\n64205 Darmstadt<br \/>\n06 151 \/ 627 49 70<br \/>\nE-Mail: info@dfkd.de<\/p>\n<p>Bildrechte:<\/p>\n<p>Vereinsregister: 8VR82603<\/p>\n<p>Als Inhaltsanbieter ist der Deutsch-Franz\u00f6sischer Kreis Darmstadt e.V. f\u00fcr die eigenen Inhalte dieser Homepage verantwortlich. F\u00fcr direkte und indirekte Verweise auf fremde Internetseiten (&#8222;Links&#8220;), die au\u00dferhalb des Verantwortungsbereiches der Deutsch-Franz\u00f6sischer Kreis Darmstadt e.V. liegen, wird erkl\u00e4rt, dass zum Zeitpunkt der Verweisung die entsprechenden verlinkten Seiten frei von illegalen Inhalten waren. Der Deutsch-Franz\u00f6sischer Kreis Darmstadt e.V. hat keinerlei Einfluss auf die aktuelle und zuk\u00fcnftige Gestaltung und auch die Inhalte der gelinkten\/verkn\u00fcpften Seiten. Daher distanziert sich der Deutsch-Franz\u00f6sischer Kreis Darmstadt e.V. von allen Inhalten aller gelinkten\/verkn\u00fcpften Seiten.<\/p>\n","protected":false},"excerpt":{"rendered":"<p>Inhaltlich verantwortlich: Der Vorstand Domain: dfkd.de Administrativer Ansprechpartner: Klaus Liepach, it-admin@dfkd.de Inhaber: Deutsch-Franz\u00f6sischer Kreis Darmstadt e.V. Postfach 10 05 07 64205 Darmstadt 06 151 \/ 627 49 70 E-Mail: info@dfkd.de <a class=\"more-link\" href=\"https:\/\/dfkd.de\/index.php\/impressum-2\">Continue Reading \u2192<\/a><\/p>\n","protected":false},"author":18,"featured_media":0,"parent":0,"menu_order":0,"comment_status":"closed","ping_status":"closed","template":"","meta":{"ngg_post_thumbnail":0,"footnotes":""},"class_list":["post-137","page","type-page","status-publish","hentry"],"_links":{"self":[{"href":"https:\/\/dfkd.de\/index.php\/wp-json\/wp\/v2\/pages\/137","targetHints":{"allow":["GET"]}}],"collection":[{"href":"https:\/\/dfkd.de\/index.php\/wp-json\/wp\/v2\/pages"}],"about":[{"href":"https:\/\/dfkd.de\/index.php\/wp-json\/wp\/v2\/types\/page"}],"author":[{"embeddable":true,"href":"https:\/\/dfkd.de\/index.php\/wp-json\/wp\/v2\/users\/18"}],"replies":[{"embeddable":true,"href":"https:\/\/dfkd.de\/index.php\/wp-json\/wp\/v2\/comments?post=137"}],"version-history":[{"count":4,"href":"https:\/\/dfkd.de\/index.php\/wp-json\/wp\/v2\/pages\/137\/revisions"}],"predecessor-version":[{"id":4763,"href":"https:\/\/dfkd.de\/index.php\/wp-json\/wp\/v2\/pages\/137\/revisions\/4763"}],"wp:attachment":[{"href":"https:\/\/dfkd.de\/index.php\/wp-json\/wp\/v2\/media?parent=137"}],"curies":[{"name":"wp","href":"https:\/\/api.w.org\/{rel}","templated":true}]}}