{"id":2923,"date":"2021-05-24T10:21:58","date_gmt":"2021-05-24T09:21:58","guid":{"rendered":"https:\/\/darmstadt.dfkd.de\/?page_id=2923"},"modified":"2021-05-26T19:57:36","modified_gmt":"2021-05-26T18:57:36","slug":"mitmachevideo-fdlm-2021","status":"publish","type":"page","link":"https:\/\/dfkd.de\/index.php\/mitmachevideo-fdlm-2021","title":{"rendered":"Mitmachvideo FDLM 2021"},"content":{"rendered":"\n<p>Macht mit beim gemeinsamen Gesangsvideo f\u00fcr die die F\u00eate de la Musique 2021! Wir m\u00f6chten mit euch gemeinsam <a href=\"https:\/\/www.youtube.com\/watch?v=0TFNGRYMz1U\" target=\"_blank\" rel=\"noreferrer noopener\"><q>Je veux<\/q> von ZAZ<\/a> in einer leicht verk\u00fcrzten und verlangsamten Fassung singen. Das Konzept ist einfach erkl\u00e4rt: Jede*r Teilnehmer*in nimmt eine Gesangs- oder Instrumentalspur mit Video <strong>bis zum 11. Juni 2021 <\/strong>auf. Alle gesammelten Spuren werden dann zu einem Gesamtwerk zusammengesetzt und auf der Homepage des DFKD ver\u00f6ffentlicht.<\/p>\n\n\n\n<p>Mitmachen ist ganz einfach:<\/p>\n\n\n\n<h3 class=\"wp-block-heading\">Schritt 1: Vorbereiten<\/h3>\n\n\n\n<p>Du ben\u00f6tigst die folgenden Dinge:<\/p>\n\n\n\n<ul class=\"wp-block-list\"><li>Videokamera oder Smartphone\/Tablet mit Kamera zum Aufnehmen des Videos<\/li><li>Abspielger\u00e4t f\u00fcr mp3 mit Kopfh\u00f6reranschluss (z.B. zweites Smartphone oder Laptop\/PC)<\/li><li>Ein paar geschlossene oder In-Ear Kopfh\u00f6rer<\/li><\/ul>\n\n\n\n<p>H\u00f6rt dir am besten zuerst das Lied im Original <a href=\"https:\/\/www.youtube.com\/watch?v=0TFNGRYMz1U\" target=\"_blank\" rel=\"noreferrer noopener\">hier<\/a> vorher an.<\/p>\n\n\n\n<h3 class=\"wp-block-heading\">Schritt 2: \u00dcben<\/h3>\n\n\n\n<p> Wir haben eine Masterdatei mit Gesang und einfacher Instrumentalbegleitung aufgenommen. H\u00f6re es dir an und versuche einfach dazu mitzusingen oder \u2013 zuspielen. Wenn du dich sicher f\u00fchlst, kannst du zur Aufnahme schreiten.<\/p>\n\n\n\n<p>Materialien: <a href=\"https:\/\/darmstadt.dfkd.de\/wp-content\/uploads\/2021\/05\/Je-Veux-DFKD-Master.mp3\" target=\"_blank\" rel=\"noreferrer noopener\">Masterdatei<\/a>, <a href=\"https:\/\/darmstadt.dfkd.de\/wp-content\/uploads\/2021\/05\/Je-veux-Paroles-Text.pdf\" target=\"_blank\" rel=\"noreferrer noopener\">Text<\/a><br>ggf. nach \u00f6ffnen des Tabs Datei mit rechter Maustaste speichern.<\/p>\n\n\n\n<p>F\u00fcr Pianisten hier noch die <a href=\"https:\/\/musescore.com\/user\/22803\/scores\/39541\">K<\/a><a href=\"https:\/\/musescore.com\/user\/22803\/scores\/39541\" target=\"_blank\" rel=\"noreferrer noopener\">laviernoten<\/a><\/p>\n\n\n\n<h3 class=\"wp-block-heading\">Schritt 3: Aufnahme<\/h3>\n\n\n\n<p>Wichtig ist, dass du zu unserer Masterdatei singst oder spielst. Ansonsten passt das Tempo nicht und wir k\u00f6nnen deine Aufnahme leider nicht verwenden. <\/p>\n\n\n\n<ol class=\"wp-block-list\" type=\"1\"><li>Steckt euch die In-Ear-Kopfh\u00f6rer ins Ohr und legt unserer Masterdatei zum Abspielen bereit.<\/li><li>Kontrolliert, ob die Aufnahme mit eurem Aufnahmeger\u00e4t funktioniert. Am besten ist eine Aufnahme im Querformat. Ideal sind 720p oder 1080p, etwas anderes ist aber nicht schlimm.<ul><li>Bitte kontrolliere, dass man nur deinen Gesang oder Instrument h\u00f6rt. Ist die Masterdatei zu h\u00f6ren, erschwert dies die sp\u00e4tere Nachbearbeitung. Daher die Masterdatei \u00fcber Kopfh\u00f6rer h\u00f6ren.<\/li><li>Wenn ihr zusammen singt, die Musik bitte trotzdem nicht lautstellen, besser jede\/r hat einen Kopfh\u00f6rer im Ohr. Au\u00dferdem werdet ihr dann etwas mehr Zeit mitbringen m\u00fcssen, da ihr in diesem Fall so synchron wie m\u00f6glich singen m\u00fcsst. Aus diesem Grund empfehlen wir gemeinsames Singen nur erfahrenen S\u00e4ngern.<\/li><\/ul><\/li><li>Starte zuerst die Aufnahme und danach die Masterdatei.<\/li><li>Wenn das Lied auf der Masterdatei zu Ende ist, Aufnahme beenden. Fertig &#8211; das ist alles<\/li><\/ol>\n\n\n\n<p>Singt bitte zu der Masterdatei und versucht m\u00f6glichst synchron dazu zu sein. Das richtige, gleichm\u00e4\u00dfiges Tempo ist sehr wichtig. Wenn du an einer Stelle nicht mitkommen solltest, lieber ein paar Takte aussetzen als versuchen aufzuholen. Ggf. die Aufnahme einfach wiederholen.<\/p>\n\n\n\n<p>Wenn du willst, kannst du auch gerne die Mundtrompete hinzuf\u00fcgen.<\/p>\n\n\n\n<h3 class=\"wp-block-heading\">Schritt 4: Abgabe<\/h3>\n\n\n\n<p>Wenn du mit dem Ergebnis deiner Aufnahme zufrieden bist, einfach das <a href=\"https:\/\/darmstadt.dfkd.de\/index.php\/fdlm21dfkd\" target=\"_blank\" rel=\"noreferrer noopener\">Ergebnis hier hochladen<\/a>.<\/p>\n\n\n\n<p>Bitte das Video <strong>bis sp\u00e4testens 11. Juni 2021 hochladen<\/strong>, damit wir noch Zeit zur Verarbeitung haben. Das fertige Video werden wir am 21.06., dem Tag der F\u00eate de la Musique in Frankreich, auf unserer Homepage und unseren Socialmediakan\u00e4len ver\u00f6ffentlichen<\/p>\n\n\n\n<p>Bei Fragen, sendet einfach eine Email an <a href=\"mailto:chantezavecnous@dfkd.de\" target=\"_blank\" rel=\"noreferrer noopener\">chantezavecnous@dfkd.de<\/a>.<\/p>\n\n\n\n<h3 class=\"wp-block-heading\">Extras f\u00fcr Profis<\/h3>\n\n\n\n<p>F\u00fcr Leute die Erfahrung mit der Aufnahme von Musik haben hier noch ein paar technische Details:<\/p>\n\n\n\n<ul class=\"wp-block-list\"><li>Tonaufnahme erfolgt am besten als 24-bit PCM WAV (oder FLAC) mit 48kHz Abtastrate.<\/li><li>Falls ihr mit Metronom \u00fcben wollt, das Tempo betr\u00e4gt 138bpm<\/li><li>Gerne k\u00f6nnen Video und separate Tonspur(en) eingereicht werden. Bitte so benennen, dass man wei\u00df was zusammengeh\u00f6rt.<\/li><li>Falls ihr Gesang und Instrument gleichzeitig aufnehmen wollt, am besten eine eigene Tonspur f\u00fcr jede Stimme erstellen. Z.B.: eine Gesangsspur und eine Gitarrenspur. Das erleichtert das Mischen.<\/li><\/ul>\n\n\n\n<p><\/p>\n","protected":false},"excerpt":{"rendered":"<p>Macht mit beim gemeinsamen Gesangsvideo f\u00fcr die die F\u00eate de la Musique 2021! Wir m\u00f6chten mit euch gemeinsam Je veux von ZAZ in einer leicht verk\u00fcrzten und verlangsamten Fassung singen. <a class=\"more-link\" href=\"https:\/\/dfkd.de\/index.php\/mitmachevideo-fdlm-2021\">Continue Reading \u2192<\/a><\/p>\n","protected":false},"author":2,"featured_media":0,"parent":0,"menu_order":0,"comment_status":"closed","ping_status":"closed","template":"","meta":{"ngg_post_thumbnail":0,"footnotes":""},"class_list":["post-2923","page","type-page","status-publish","hentry"],"_links":{"self":[{"href":"https:\/\/dfkd.de\/index.php\/wp-json\/wp\/v2\/pages\/2923","targetHints":{"allow":["GET"]}}],"collection":[{"href":"https:\/\/dfkd.de\/index.php\/wp-json\/wp\/v2\/pages"}],"about":[{"href":"https:\/\/dfkd.de\/index.php\/wp-json\/wp\/v2\/types\/page"}],"author":[{"embeddable":true,"href":"https:\/\/dfkd.de\/index.php\/wp-json\/wp\/v2\/users\/2"}],"replies":[{"embeddable":true,"href":"https:\/\/dfkd.de\/index.php\/wp-json\/wp\/v2\/comments?post=2923"}],"version-history":[{"count":14,"href":"https:\/\/dfkd.de\/index.php\/wp-json\/wp\/v2\/pages\/2923\/revisions"}],"predecessor-version":[{"id":2984,"href":"https:\/\/dfkd.de\/index.php\/wp-json\/wp\/v2\/pages\/2923\/revisions\/2984"}],"wp:attachment":[{"href":"https:\/\/dfkd.de\/index.php\/wp-json\/wp\/v2\/media?parent=2923"}],"curies":[{"name":"wp","href":"https:\/\/api.w.org\/{rel}","templated":true}]}}

<p>Macht mit beim gemeinsamen Gesangsvideo für die die Fête de la Musique 2021! Wir möchten mit euch gemeinsam <a href="https://www.youtube.com/watch?v=0TFNGRYMz1U" target="_blank" rel="noreferrer noopener"><q>Je veux</q> von ZAZ</a> in einer leicht verkürzten und verlangsamten Fassung singen. Das Konzept ist einfach erklärt: Jede*r Teilnehmer*in nimmt eine Gesangs- oder Instrumentalspur mit Video <strong>bis zum 11. Juni 2021 </strong>auf. Alle gesammelten Spuren werden dann zu einem Gesamtwerk zusammengesetzt und auf der Homepage des DFKD veröffentlicht.</p>



<p>Mitmachen ist ganz einfach:</p>



<h3 class="wp-block-heading">Schritt 1: Vorbereiten</h3>



<p>Du benötigst die folgenden Dinge:</p>



<ul class="wp-block-list"><li>Videokamera oder Smartphone/Tablet mit Kamera zum Aufnehmen des Videos</li><li>Abspielgerät für mp3 mit Kopfhöreranschluss (z.B. zweites Smartphone oder Laptop/PC)</li><li>Ein paar geschlossene oder In-Ear Kopfhörer</li></ul>



<p>Hört dir am besten zuerst das Lied im Original <a href="https://www.youtube.com/watch?v=0TFNGRYMz1U" target="_blank" rel="noreferrer noopener">hier</a> vorher an.</p>



<h3 class="wp-block-heading">Schritt 2: Üben</h3>



<p> Wir haben eine Masterdatei mit Gesang und einfacher Instrumentalbegleitung aufgenommen. Höre es dir an und versuche einfach dazu mitzusingen oder – zuspielen. Wenn du dich sicher fühlst, kannst du zur Aufnahme schreiten.</p>



<p>Materialien: <a href="https://darmstadt.dfkd.de/wp-content/uploads/2021/05/Je-Veux-DFKD-Master.mp3" target="_blank" rel="noreferrer noopener">Masterdatei</a>, <a href="https://darmstadt.dfkd.de/wp-content/uploads/2021/05/Je-veux-Paroles-Text.pdf" target="_blank" rel="noreferrer noopener">Text</a><br>ggf. nach öffnen des Tabs Datei mit rechter Maustaste speichern.</p>



<p>Für Pianisten hier noch die <a href="https://musescore.com/user/22803/scores/39541">K</a><a href="https://musescore.com/user/22803/scores/39541" target="_blank" rel="noreferrer noopener">laviernoten</a></p>



<h3 class="wp-block-heading">Schritt 3: Aufnahme</h3>



<p>Wichtig ist, dass du zu unserer Masterdatei singst oder spielst. Ansonsten passt das Tempo nicht und wir können deine Aufnahme leider nicht verwenden. </p>



<ol class="wp-block-list" type="1"><li>Steckt euch die In-Ear-Kopfhörer ins Ohr und legt unserer Masterdatei zum Abspielen bereit.</li><li>Kontrolliert, ob die Aufnahme mit eurem Aufnahmegerät funktioniert. Am besten ist eine Aufnahme im Querformat. Ideal sind 720p oder 1080p, etwas anderes ist aber nicht schlimm.<ul><li>Bitte kontrolliere, dass man nur deinen Gesang oder Instrument hört. Ist die Masterdatei zu hören, erschwert dies die spätere Nachbearbeitung. Daher die Masterdatei über Kopfhörer hören.</li><li>Wenn ihr zusammen singt, die Musik bitte trotzdem nicht lautstellen, besser jede/r hat einen Kopfhörer im Ohr. Außerdem werdet ihr dann etwas mehr Zeit mitbringen müssen, da ihr in diesem Fall so synchron wie möglich singen müsst. Aus diesem Grund empfehlen wir gemeinsames Singen nur erfahrenen Sängern.</li></ul></li><li>Starte zuerst die Aufnahme und danach die Masterdatei.</li><li>Wenn das Lied auf der Masterdatei zu Ende ist, Aufnahme beenden. Fertig &#8211; das ist alles</li></ol>



<p>Singt bitte zu der Masterdatei und versucht möglichst synchron dazu zu sein. Das richtige, gleichmäßiges Tempo ist sehr wichtig. Wenn du an einer Stelle nicht mitkommen solltest, lieber ein paar Takte aussetzen als versuchen aufzuholen. Ggf. die Aufnahme einfach wiederholen.</p>



<p>Wenn du willst, kannst du auch gerne die Mundtrompete hinzufügen.</p>



<h3 class="wp-block-heading">Schritt 4: Abgabe</h3>



<p>Wenn du mit dem Ergebnis deiner Aufnahme zufrieden bist, einfach das <a href="https://darmstadt.dfkd.de/index.php/fdlm21dfkd" target="_blank" rel="noreferrer noopener">Ergebnis hier hochladen</a>.</p>



<p>Bitte das Video <strong>bis spätestens 11. Juni 2021 hochladen</strong>, damit wir noch Zeit zur Verarbeitung haben. Das fertige Video werden wir am 21.06., dem Tag der Fête de la Musique in Frankreich, auf unserer Homepage und unseren Socialmediakanälen veröffentlichen</p>



<p>Bei Fragen, sendet einfach eine Email an <a href="mailto:chantezavecnous@dfkd.de" target="_blank" rel="noreferrer noopener">chantezavecnous@dfkd.de</a>.</p>



<h3 class="wp-block-heading">Extras für Profis</h3>



<p>Für Leute die Erfahrung mit der Aufnahme von Musik haben hier noch ein paar technische Details:</p>



<ul class="wp-block-list"><li>Tonaufnahme erfolgt am besten als 24-bit PCM WAV (oder FLAC) mit 48kHz Abtastrate.</li><li>Falls ihr mit Metronom üben wollt, das Tempo beträgt 138bpm</li><li>Gerne können Video und separate Tonspur(en) eingereicht werden. Bitte so benennen, dass man weiß was zusammengehört.</li><li>Falls ihr Gesang und Instrument gleichzeitig aufnehmen wollt, am besten eine eigene Tonspur für jede Stimme erstellen. Z.B.: eine Gesangsspur und eine Gitarrenspur. Das erleichtert das Mischen.</li></ul>



<p></p>

<p>Macht mit beim gemeinsamen Gesangsvideo für die die Fête de la Musique 2021! Wir möchten mit euch gemeinsam Je veux von ZAZ in einer leicht verkürzten und verlangsamten Fassung singen. <a class="more-link" href="https://dfkd.de/index.php/mitmachevideo-fdlm-2021">Continue Reading →</a></p>
