{"id":4118,"date":"2022-06-19T15:16:46","date_gmt":"2022-06-19T14:16:46","guid":{"rendered":"https:\/\/darmstadt.dfkd.de\/?page_id=4118"},"modified":"2025-12-09T22:06:38","modified_gmt":"2025-12-09T21:06:38","slug":"chorale-3","status":"publish","type":"page","link":"https:\/\/dfkd.de\/index.php\/chorale-3","title":{"rendered":"Chorale"},"content":{"rendered":"<div class=\"wp-block-image\">\n<figure class=\"alignright size-full\"><a href=\"https:\/\/dfkd.de\/wp-content\/uploads\/2025\/12\/chor-2025-FDLM.jpg\"><img loading=\"lazy\" decoding=\"async\" width=\"2016\" height=\"954\" src=\"https:\/\/dfkd.de\/wp-content\/uploads\/2025\/12\/chor-2025-FDLM.jpg\" alt=\"\" class=\"wp-image-7840\" srcset=\"https:\/\/dfkd.de\/wp-content\/uploads\/2025\/12\/chor-2025-FDLM.jpg 2016w, https:\/\/dfkd.de\/wp-content\/uploads\/2025\/12\/chor-2025-FDLM-300x142.jpg 300w, https:\/\/dfkd.de\/wp-content\/uploads\/2025\/12\/chor-2025-FDLM-1024x485.jpg 1024w, https:\/\/dfkd.de\/wp-content\/uploads\/2025\/12\/chor-2025-FDLM-768x363.jpg 768w, https:\/\/dfkd.de\/wp-content\/uploads\/2025\/12\/chor-2025-FDLM-1536x727.jpg 1536w\" sizes=\"auto, (max-width: 2016px) 100vw, 2016px\" \/><\/a><\/figure>\n<\/div>\n\n\n<p><strong>NEUER CHOR: CHOR ACCORDS<br><\/strong>VARI\u00c9T\u00c9 FRAN\u00c7AISE VON GESTERN UND HEUTE, DIRIGIERT VON DER LYRISCHEN SCHWEIZERIN K\u00dcNSTLERIN SANDRINE DROIN.<\/p>\n\n\n\n<p>\u00ab Ich gebe Gesangs- sowie Stimmbildungsunterricht. Ich freue mich, zusammen mit Euch zu musizieren und diesen Musikrepertoir, der mir so sehr am Herzen liegt, die franz\u00f6sische Chanson, zu erkunden. \u00bb<\/p>\n\n\n\n<p>Wir treffen uns jeden Mittwoch Abend von 18.30 bis 20.00 Uhr in der Lessing Schule (Erasmus Kittler Schule) hinter ESOC.<br>Z\u00f6gert nicht, bringt Euere Stimme, Euere Freude und gute Laune mit und lasst uns zusammen singen.<\/p>\n\n\n\n<p>Bei Interesse, Anmeldung bitte unter: <strong><a href=\"mailto:blabladesophie@web.de\" target=\"_blank\" rel=\"noreferrer noopener\">blabladesophie@web.de<\/a><\/strong><\/p>\n\n\n\n<hr class=\"wp-block-separator has-alpha-channel-opacity is-style-wide\"\/>\n\n\n\n<p>Programm 2026 : Auftritte vom Chor Accords<\/p>\n\n\n\n<p>14 M\u00e4rz 2026 : Schola\u00b4s Benefizkonzert, Knabenschule Darmstadt<\/p>\n\n\n\n<p>20 Juni : F\u00eate de la Musique, Mathildenh\u00f6he, Darmstadt<\/p>\n\n\n\n<p>Ende September : Zwiebelfest, Griesheim<img loading=\"lazy\" decoding=\"async\" width=\"250\" height=\"141\" class=\"wp-image-7842\" style=\"width: 250px;\" src=\"https:\/\/dfkd.de\/wp-content\/uploads\/2025\/12\/chor-2025-Griesheim-Fete-de-l-oignon.jpg\" alt=\"\" srcset=\"https:\/\/dfkd.de\/wp-content\/uploads\/2025\/12\/chor-2025-Griesheim-Fete-de-l-oignon.jpg 2000w, https:\/\/dfkd.de\/wp-content\/uploads\/2025\/12\/chor-2025-Griesheim-Fete-de-l-oignon-300x169.jpg 300w, https:\/\/dfkd.de\/wp-content\/uploads\/2025\/12\/chor-2025-Griesheim-Fete-de-l-oignon-1024x577.jpg 1024w, https:\/\/dfkd.de\/wp-content\/uploads\/2025\/12\/chor-2025-Griesheim-Fete-de-l-oignon-768x432.jpg 768w, https:\/\/dfkd.de\/wp-content\/uploads\/2025\/12\/chor-2025-Griesheim-Fete-de-l-oignon-1536x865.jpg 1536w\" sizes=\"auto, (max-width: 250px) 100vw, 250px\" \/><\/p>\n\n\n\n<p>Dezember : Weihnachtskonzert Eumetsat<\/p>\n","protected":false},"excerpt":{"rendered":"<p>NEUER CHOR: CHOR ACCORDSVARI\u00c9T\u00c9 FRAN\u00c7AISE VON GESTERN UND HEUTE, DIRIGIERT VON DER LYRISCHEN SCHWEIZERIN K\u00dcNSTLERIN SANDRINE DROIN. \u00ab Ich gebe Gesangs- sowie Stimmbildungsunterricht. Ich freue mich, zusammen mit Euch zu <a class=\"more-link\" href=\"https:\/\/dfkd.de\/index.php\/chorale-3\">Continue Reading \u2192<\/a><\/p>\n","protected":false},"author":18,"featured_media":0,"parent":0,"menu_order":0,"comment_status":"closed","ping_status":"closed","template":"","meta":{"ngg_post_thumbnail":0,"footnotes":""},"class_list":["post-4118","page","type-page","status-publish","hentry"],"_links":{"self":[{"href":"https:\/\/dfkd.de\/index.php\/wp-json\/wp\/v2\/pages\/4118","targetHints":{"allow":["GET"]}}],"collection":[{"href":"https:\/\/dfkd.de\/index.php\/wp-json\/wp\/v2\/pages"}],"about":[{"href":"https:\/\/dfkd.de\/index.php\/wp-json\/wp\/v2\/types\/page"}],"author":[{"embeddable":true,"href":"https:\/\/dfkd.de\/index.php\/wp-json\/wp\/v2\/users\/18"}],"replies":[{"embeddable":true,"href":"https:\/\/dfkd.de\/index.php\/wp-json\/wp\/v2\/comments?post=4118"}],"version-history":[{"count":14,"href":"https:\/\/dfkd.de\/index.php\/wp-json\/wp\/v2\/pages\/4118\/revisions"}],"predecessor-version":[{"id":7843,"href":"https:\/\/dfkd.de\/index.php\/wp-json\/wp\/v2\/pages\/4118\/revisions\/7843"}],"wp:attachment":[{"href":"https:\/\/dfkd.de\/index.php\/wp-json\/wp\/v2\/media?parent=4118"}],"curies":[{"name":"wp","href":"https:\/\/api.w.org\/{rel}","templated":true}]}}

<div class="wp-block-image">
<figure class="alignright size-full"><a href="https://dfkd.de/wp-content/uploads/2025/12/chor-2025-FDLM.jpg"><img loading="lazy" decoding="async" width="2016" height="954" src="https://dfkd.de/wp-content/uploads/2025/12/chor-2025-FDLM.jpg" alt="" class="wp-image-7840" srcset="https://dfkd.de/wp-content/uploads/2025/12/chor-2025-FDLM.jpg 2016w, https://dfkd.de/wp-content/uploads/2025/12/chor-2025-FDLM-300x142.jpg 300w, https://dfkd.de/wp-content/uploads/2025/12/chor-2025-FDLM-1024x485.jpg 1024w, https://dfkd.de/wp-content/uploads/2025/12/chor-2025-FDLM-768x363.jpg 768w, https://dfkd.de/wp-content/uploads/2025/12/chor-2025-FDLM-1536x727.jpg 1536w" sizes="auto, (max-width: 2016px) 100vw, 2016px" /></a></figure>
</div>


<p><strong>NEUER CHOR: CHOR ACCORDS<br></strong>VARIÉTÉ FRANÇAISE VON GESTERN UND HEUTE, DIRIGIERT VON DER LYRISCHEN SCHWEIZERIN KÜNSTLERIN SANDRINE DROIN.</p>



<p>« Ich gebe Gesangs- sowie Stimmbildungsunterricht. Ich freue mich, zusammen mit Euch zu musizieren und diesen Musikrepertoir, der mir so sehr am Herzen liegt, die französische Chanson, zu erkunden. »</p>



<p>Wir treffen uns jeden Mittwoch Abend von 18.30 bis 20.00 Uhr in der Lessing Schule (Erasmus Kittler Schule) hinter ESOC.<br>Zögert nicht, bringt Euere Stimme, Euere Freude und gute Laune mit und lasst uns zusammen singen.</p>



<p>Bei Interesse, Anmeldung bitte unter: <strong><a href="mailto:blabladesophie@web.de" target="_blank" rel="noreferrer noopener">blabladesophie@web.de</a></strong></p>



<hr class="wp-block-separator has-alpha-channel-opacity is-style-wide"/>



<p>Programm 2026 : Auftritte vom Chor Accords</p>



<p>14 März 2026 : Schola´s Benefizkonzert, Knabenschule Darmstadt</p>



<p>20 Juni : Fête de la Musique, Mathildenhöhe, Darmstadt</p>



<p>Ende September : Zwiebelfest, Griesheim<img loading="lazy" decoding="async" width="250" height="141" class="wp-image-7842" style="width: 250px;" src="https://dfkd.de/wp-content/uploads/2025/12/chor-2025-Griesheim-Fete-de-l-oignon.jpg" alt="" srcset="https://dfkd.de/wp-content/uploads/2025/12/chor-2025-Griesheim-Fete-de-l-oignon.jpg 2000w, https://dfkd.de/wp-content/uploads/2025/12/chor-2025-Griesheim-Fete-de-l-oignon-300x169.jpg 300w, https://dfkd.de/wp-content/uploads/2025/12/chor-2025-Griesheim-Fete-de-l-oignon-1024x577.jpg 1024w, https://dfkd.de/wp-content/uploads/2025/12/chor-2025-Griesheim-Fete-de-l-oignon-768x432.jpg 768w, https://dfkd.de/wp-content/uploads/2025/12/chor-2025-Griesheim-Fete-de-l-oignon-1536x865.jpg 1536w" sizes="auto, (max-width: 250px) 100vw, 250px" /></p>



<p>Dezember : Weihnachtskonzert Eumetsat</p>

<p>NEUER CHOR: CHOR ACCORDSVARIÉTÉ FRANÇAISE VON GESTERN UND HEUTE, DIRIGIERT VON DER LYRISCHEN SCHWEIZERIN KÜNSTLERIN SANDRINE DROIN. « Ich gebe Gesangs- sowie Stimmbildungsunterricht. Ich freue mich, zusammen mit Euch zu <a class="more-link" href="https://dfkd.de/index.php/chorale-3">Continue Reading →</a></p>
