{"id":4901,"date":"2023-02-13T20:04:20","date_gmt":"2023-02-13T19:04:20","guid":{"rendered":"https:\/\/darmstadt.dfkd.de\/?page_id=4901"},"modified":"2026-04-17T17:10:21","modified_gmt":"2026-04-17T16:10:21","slug":"prochaines-activites","status":"publish","type":"page","link":"https:\/\/dfkd.de\/index.php\/fr\/prochaines-activites","title":{"rendered":"Prochaines Activit\u00e9s"},"content":{"rendered":"\n<p class=\"has-text-align-center\">*************************************<\/p>\n\n\n\n<p>Mai<\/p>\n\n\n\n<p>05 Mai um 20.00 : Film ESOC Cin\u00e9-Club OmU, Audimax TU Darmstadt : Les plages d&#8217;Agn\u00e8s.<img loading=\"lazy\" decoding=\"async\" width=\"150\" height=\"220\" class=\"wp-image-8254\" style=\"width: 150px;\" src=\"https:\/\/dfkd.de\/wp-content\/uploads\/2026\/04\/plages-dAgnes.jpg\" alt=\"\" srcset=\"https:\/\/dfkd.de\/wp-content\/uploads\/2026\/04\/plages-dAgnes.jpg 321w, https:\/\/dfkd.de\/wp-content\/uploads\/2026\/04\/plages-dAgnes-204x300.jpg 204w\" sizes=\"auto, (max-width: 150px) 100vw, 150px\" \/><\/p>\n\n\n\n<p>09.Mai: F\u00eate de l&#8217;Europe! Repas avec contribution au buffet avec les associations des pays partenaires de la F\u00eate de la Musique , Forstmeisterhaus, Darmstadt. <a href=\"https:\/\/dfkd.de\/index.php\/fr\/inscription\">Sur inscription<\/a><img loading=\"lazy\" decoding=\"async\" width=\"150\" height=\"211\" class=\"wp-image-8235\" style=\"width: 150px;\" src=\"https:\/\/dfkd.de\/wp-content\/uploads\/2026\/03\/Repas-partage-2.png\" alt=\"\" srcset=\"https:\/\/dfkd.de\/wp-content\/uploads\/2026\/03\/Repas-partage-2.png 1240w, https:\/\/dfkd.de\/wp-content\/uploads\/2026\/03\/Repas-partage-2-213x300.png 213w, https:\/\/dfkd.de\/wp-content\/uploads\/2026\/03\/Repas-partage-2-726x1024.png 726w, https:\/\/dfkd.de\/wp-content\/uploads\/2026\/03\/Repas-partage-2-768x1083.png 768w, https:\/\/dfkd.de\/wp-content\/uploads\/2026\/03\/Repas-partage-2-1090x1536.png 1090w\" sizes=\"auto, (max-width: 150px) 100vw, 150px\" \/><\/p>\n\n\n\n<p>17 Mai de 17 \u00e0 19.00 : Concert de musique de chambre avec le Trio Et Cetera (Ce trio se consacre \u00e0 la cithare, instrument polyvalent pour la musique de chambre) Haus der Deutsch-Balten,Herdweg 79, 64285 Darmstadt<img loading=\"lazy\" decoding=\"async\" width=\"150\" height=\"213\" class=\"wp-image-8293\" style=\"width: 150px;\" src=\"https:\/\/dfkd.de\/wp-content\/uploads\/2026\/04\/Trio-Etcetera-1.jpg\" alt=\"\" srcset=\"https:\/\/dfkd.de\/wp-content\/uploads\/2026\/04\/Trio-Etcetera-1.jpg 422w, https:\/\/dfkd.de\/wp-content\/uploads\/2026\/04\/Trio-Etcetera-1-212x300.jpg 212w\" sizes=\"auto, (max-width: 150px) 100vw, 150px\" \/><\/p>\n\n\n\n<p>21.Mai, 19:00-21:00: Lecture et soir\u00e9e musicale : <a href=\"https:\/\/www.literaturhaus-darmstadt.de\/programm\/florence-herve-juliette-greco-barbara-zitate-aus-ihren-briefen-liest-bettina-bergstedt\/\">Florence Herv\u00e9: <em>Juliette Gr\u00e9co &amp; Barbara<\/em><\/a> en partenariat avec la Luise-B\u00fcchner-Gesellschaft, Literaturhaus, Darmstadt. REPORTE A L&#8217;AUTOMNE 2026<\/p>\n\n\n\n<p>28 Mai \u00e0 20h00: <em>Rencontre autour d\u2019un livre avec \u00ab&nbsp;les corps solides&nbsp;\u00bb de Joseph Incardona,<\/em> Forstmeisterhaus, Darmstadt.<\/p>\n\n\n\n<p>31 Mai \u00e0 10h30: Visite guid\u00e9e en fran\u00e7ais de l&#8217;exposition sur <a href=\"https:\/\/dfkd.de\/index.php\/fr\/inscription-4\">inscription<\/a> \u201eMonet \u2013 La d\u00e9couverte d&#8217;Etretat\u201c au mus\u00e9e &#8211; St\u00e4del, Francfort<img loading=\"lazy\" decoding=\"async\" width=\"150\" height=\"150\" class=\"wp-image-8140\" style=\"width: 150px;\" src=\"https:\/\/dfkd.de\/wp-content\/uploads\/2026\/03\/Monet-31-mai-2026-2.jpg\" alt=\"\" srcset=\"https:\/\/dfkd.de\/wp-content\/uploads\/2026\/03\/Monet-31-mai-2026-2.jpg 1654w, https:\/\/dfkd.de\/wp-content\/uploads\/2026\/03\/Monet-31-mai-2026-2-300x300.jpg 300w, https:\/\/dfkd.de\/wp-content\/uploads\/2026\/03\/Monet-31-mai-2026-2-1024x1024.jpg 1024w, https:\/\/dfkd.de\/wp-content\/uploads\/2026\/03\/Monet-31-mai-2026-2-150x150.jpg 150w, https:\/\/dfkd.de\/wp-content\/uploads\/2026\/03\/Monet-31-mai-2026-2-768x768.jpg 768w, https:\/\/dfkd.de\/wp-content\/uploads\/2026\/03\/Monet-31-mai-2026-2-1536x1536.jpg 1536w\" sizes=\"auto, (max-width: 150px) 100vw, 150px\" \/><\/p>\n\n\n\n<p>Juin<\/p>\n\n\n\n<p>20 Juin : F\u00eate de la Musique de l&#8217;Europe, Mathildenh\u00f6he, Darmstadt<\/p>\n","protected":false},"excerpt":{"rendered":"<p>************************************* Mai 05 Mai um 20.00 : Film ESOC Cin\u00e9-Club OmU, Audimax TU Darmstadt : Les plages d&#8217;Agn\u00e8s. 09.Mai: F\u00eate de l&#8217;Europe! Repas avec contribution au buffet avec les associations <a class=\"more-link\" href=\"https:\/\/dfkd.de\/index.php\/fr\/prochaines-activites\">Continue Reading \u2192<\/a><\/p>\n","protected":false},"author":18,"featured_media":0,"parent":0,"menu_order":0,"comment_status":"closed","ping_status":"closed","template":"","meta":{"ngg_post_thumbnail":0,"footnotes":""},"class_list":["post-4901","page","type-page","status-publish","hentry"],"_links":{"self":[{"href":"https:\/\/dfkd.de\/index.php\/wp-json\/wp\/v2\/pages\/4901","targetHints":{"allow":["GET"]}}],"collection":[{"href":"https:\/\/dfkd.de\/index.php\/wp-json\/wp\/v2\/pages"}],"about":[{"href":"https:\/\/dfkd.de\/index.php\/wp-json\/wp\/v2\/types\/page"}],"author":[{"embeddable":true,"href":"https:\/\/dfkd.de\/index.php\/wp-json\/wp\/v2\/users\/18"}],"replies":[{"embeddable":true,"href":"https:\/\/dfkd.de\/index.php\/wp-json\/wp\/v2\/comments?post=4901"}],"version-history":[{"count":245,"href":"https:\/\/dfkd.de\/index.php\/wp-json\/wp\/v2\/pages\/4901\/revisions"}],"predecessor-version":[{"id":8295,"href":"https:\/\/dfkd.de\/index.php\/wp-json\/wp\/v2\/pages\/4901\/revisions\/8295"}],"wp:attachment":[{"href":"https:\/\/dfkd.de\/index.php\/wp-json\/wp\/v2\/media?parent=4901"}],"curies":[{"name":"wp","href":"https:\/\/api.w.org\/{rel}","templated":true}]}}

Prochaines Activités

<p class="has-text-align-center">*************************************</p>



<p>Mai</p>



<p>05 Mai um 20.00 : Film ESOC Ciné-Club OmU, Audimax TU Darmstadt : Les plages d&#8217;Agnès.<img loading="lazy" decoding="async" width="150" height="220" class="wp-image-8254" style="width: 150px;" src="https://dfkd.de/wp-content/uploads/2026/04/plages-dAgnes.jpg" alt="" srcset="https://dfkd.de/wp-content/uploads/2026/04/plages-dAgnes.jpg 321w, https://dfkd.de/wp-content/uploads/2026/04/plages-dAgnes-204x300.jpg 204w" sizes="auto, (max-width: 150px) 100vw, 150px" /></p>



<p>09.Mai: Fête de l&#8217;Europe! Repas avec contribution au buffet avec les associations des pays partenaires de la Fête de la Musique , Forstmeisterhaus, Darmstadt. <a href="https://dfkd.de/index.php/fr/inscription">Sur inscription</a><img loading="lazy" decoding="async" width="150" height="211" class="wp-image-8235" style="width: 150px;" src="https://dfkd.de/wp-content/uploads/2026/03/Repas-partage-2.png" alt="" srcset="https://dfkd.de/wp-content/uploads/2026/03/Repas-partage-2.png 1240w, https://dfkd.de/wp-content/uploads/2026/03/Repas-partage-2-213x300.png 213w, https://dfkd.de/wp-content/uploads/2026/03/Repas-partage-2-726x1024.png 726w, https://dfkd.de/wp-content/uploads/2026/03/Repas-partage-2-768x1083.png 768w, https://dfkd.de/wp-content/uploads/2026/03/Repas-partage-2-1090x1536.png 1090w" sizes="auto, (max-width: 150px) 100vw, 150px" /></p>



<p>17 Mai de 17 à 19.00 : Concert de musique de chambre avec le Trio Et Cetera (Ce trio se consacre à la cithare, instrument polyvalent pour la musique de chambre) Haus der Deutsch-Balten,Herdweg 79, 64285 Darmstadt<img loading="lazy" decoding="async" width="150" height="213" class="wp-image-8293" style="width: 150px;" src="https://dfkd.de/wp-content/uploads/2026/04/Trio-Etcetera-1.jpg" alt="" srcset="https://dfkd.de/wp-content/uploads/2026/04/Trio-Etcetera-1.jpg 422w, https://dfkd.de/wp-content/uploads/2026/04/Trio-Etcetera-1-212x300.jpg 212w" sizes="auto, (max-width: 150px) 100vw, 150px" /></p>



<p>21.Mai, 19:00-21:00: Lecture et soirée musicale : <a href="https://www.literaturhaus-darmstadt.de/programm/florence-herve-juliette-greco-barbara-zitate-aus-ihren-briefen-liest-bettina-bergstedt/">Florence Hervé: <em>Juliette Gréco &amp; Barbara</em></a> en partenariat avec la Luise-Büchner-Gesellschaft, Literaturhaus, Darmstadt. REPORTE A L&#8217;AUTOMNE 2026</p>



<p>28 Mai à 20h00: <em>Rencontre autour d’un livre avec «&nbsp;les corps solides&nbsp;» de Joseph Incardona,</em> Forstmeisterhaus, Darmstadt.</p>



<p>31 Mai à 10h30: Visite guidée en français de l&#8217;exposition sur <a href="https://dfkd.de/index.php/fr/inscription-4">inscription</a> „Monet – La découverte d&#8217;Etretat“ au musée &#8211; Städel, Francfort<img loading="lazy" decoding="async" width="150" height="150" class="wp-image-8140" style="width: 150px;" src="https://dfkd.de/wp-content/uploads/2026/03/Monet-31-mai-2026-2.jpg" alt="" srcset="https://dfkd.de/wp-content/uploads/2026/03/Monet-31-mai-2026-2.jpg 1654w, https://dfkd.de/wp-content/uploads/2026/03/Monet-31-mai-2026-2-300x300.jpg 300w, https://dfkd.de/wp-content/uploads/2026/03/Monet-31-mai-2026-2-1024x1024.jpg 1024w, https://dfkd.de/wp-content/uploads/2026/03/Monet-31-mai-2026-2-150x150.jpg 150w, https://dfkd.de/wp-content/uploads/2026/03/Monet-31-mai-2026-2-768x768.jpg 768w, https://dfkd.de/wp-content/uploads/2026/03/Monet-31-mai-2026-2-1536x1536.jpg 1536w" sizes="auto, (max-width: 150px) 100vw, 150px" /></p>



<p>Juin</p>



<p>20 Juin : Fête de la Musique de l&#8217;Europe, Mathildenhöhe, Darmstadt</p>

<p>************************************* Mai 05 Mai um 20.00 : Film ESOC Ciné-Club OmU, Audimax TU Darmstadt : Les plages d&#8217;Agnès. 09.Mai: Fête de l&#8217;Europe! Repas avec contribution au buffet avec les associations <a class="more-link" href="https://dfkd.de/index.php/fr/prochaines-activites">Continue Reading →</a></p>
